 the tens digit of s?
9
Let x = 10 + -6. Let j = 5 - x. What is the units digit of j?
1
Suppose 4*r = -20, 4*r = 2*k - 6*k - 28. Let j(f) = f**3 + 2*f**2 - 2. Let h be j(k). Let x(b) = -7*b - 1. What is the tens digit of x(h)?
1
Suppose 2*m - 27 = -m. Let r be (-24)/5 - 2/10. Let c = m + r. What is the units digit of c?
4
Suppose 109 = -30*v + 31*v. What is the tens digit of v?
0
Let t = 6 - 4. Let s be -3 + (-5 - -2) + t. What is the units digit of 2*((-18)/s + -1)?
7
Let i = 3 - 0. Let o(l) = -l**2 + 5*l - 3. Let q be o(i). Suppose -3*r - q*y = -27, -4*r + 8 = -4*y - 44. What is the units digit of r?
1
Let s be 132/(0/(-3) + 1). Suppose s - 44 = 4*g. What is the units digit of g?
2
Suppose 7 - 41 = 2*b. Let p = -8 - b. What is the units digit of p?
9
Suppose -5*i + 38 = -i - a, 0 = 5*i - 3*a - 44. Suppose -20 = 3*r + 5*g, -r = 3*g + i + 2. Suppose -7*d + 3*d + 32 = r. What is the units digit of d?
8
Let o(j) = -7*j**2 - 4*j + 43. Let u(x) = -x**2 - x + 1. Let m(q) = o(q) - 6*u(q). What is the units digit of m(0)?
7
Suppose 3*r = x, -2*x - 4*r = -6*x. Suppose x*b = 2*b. Suppose -f = -b*f - 6. What is the units digit of f?
6
Let w = -2 + 10. Let i = w + -6. What is the units digit of i?
2
Let g = 98 + -60. What is the tens digit of g?
3
Suppose 0 = c - 4*c. What is the units digit of 2 - (-2 + (c - -1))?
3
Let y(z) = 4*z**2 - 15*z + 6. What is the units digit of y(-8)?
2
Let q be (10/(-4))/(2/(-4)). Suppose 0 = q*t, p + 2*p = -t. Suppose -4*r - 38 = -2*v, p = v + 4*v + 5*r - 35. What is the tens digit of v?
1
Suppose 2*i = -5*j - 3, -5*j + 4*i + 8 + 13 = 0. What is the units digit of 0 - ((-3)/3)/j?
1
Suppose -4*n = p - 8*n + 16, p + 4*n - 24 = 0. Suppose -h = -p*h + 24. Let f(a) = -a**3 + 9*a**2 - 8*a + 6. What is the units digit of f(h)?
6
Suppose -2*l = 6, 2*l - 5 = r + 7*l. Suppose -j - r = -6*a + a, 4*j - 4*a + 24 = 0. What is the units digit of j/(-25) + (-98)/(-10)?
0
What is the units digit of 6/(-10) - 56/(-35)?
1
Suppose -6*v + 284 = -2*v. What is the units digit of v?
1
Suppose 2*l = -3*l + 15. Suppose -2 = -l*x + 4. Suppose -n = x*n - 15, -2*z + 14 = 2*n. What is the units digit of z?
2
Let v(d) be the second derivative of -d**5/60 + 3*d**4/8 + 5*d**3/3 + 3*d**2/2 - d. Let f(o) be the first derivative of v(o). What is the units digit of f(9)?
0
Let h = 114 - 77. What is the units digit of h?
7
Let x be (-1)/((10/(-8))/(-5)). Let n be (42/(-4))/(-3)*2. Let i = n + x. What is the units digit of i?
3
Suppose 7 + 0 = -x - 3*p, -4*x - 5*p = 0. Suppose 0 = -2*f + x*q - 18, 5*f - 17 = 3*q - 6*q. What is the units digit of f/3 - 8/(-12)?
1
Suppose -10 = -2*g - 0. What is the tens digit of 33/55 - (-152)/g?
3
Suppose 0 = -2*z + 68 - 6. What is the tens digit of z?
3
Suppose -b = -2*b. Suppose p = 4*w - b*p - 85, 104 = 5*w - 2*p. What is the tens digit of w?
2
Let b(f) be the first derivative of 2 - 4/3*f**3 - 3/2*f**2 - 1/4*f**4 - 6*f. What is the units digit of b(-4)?
6
Let j be -2 - (3/(-3) - -1). What is the tens digit of j + (-3 - (2 + -17))?
1
Let b(f) be the first derivative of f**3/3 + 3*f**2/2 + 9*f + 3. What is the units digit of b(-6)?
7
Let o be 2*(2 - (-15)/(-6)). What is the units digit of 2*(0 - (o - 1))?
4
Suppose -3*a + 55 = -59. What is the tens digit of a?
3
Suppose -5*f - 4*h + 19 - 4 = 0, 4*f - 2*h - 12 = 0. Suppose -f*n + 1 = -44. What is the units digit of n?
5
Suppose 0 = -2*b + 2*p + 22, 0 = 5*b + p - 46 - 15. What is the units digit of b?
2
Let j(b) = -2*b**2 + 3*b + 4. Let k be j(3). Let h = k - -7. What is the units digit of h?
2
Let k(y) = y**2 + 10*y + 34. What is the units digit of k(-15)?
9
Let c(a) = a**3 - 4*a**2 + a - 1. Let f be c(4). Suppose 3*i - 30 = 2*r + 7, f*i - 22 = -r. What is the units digit of i?
9
Suppose 4*r - 12 = 5*c + 92, 0 = 2*c. What is the tens digit of r?
2
Let c(z) = 26*z - 6. What is the tens digit of c(3)?
7
Let x(w) = 258*w - 14. What is the tens digit of x(1)?
4
Let l(i) = i**3 - 4*i**2 - 3*i - 1. Let y be l(5). Suppose 7*o = -2*o. Let s = y + o. What is the units digit of s?
9
Let s(p) = -p**2 - 6*p - 5. Let h be s(-5). What is the units digit of 7 + h*1/(-4)?
7
Let o(p) = p**2 - p + 23. What is the tens digit of o(0)?
2
Let v(q) = q + 1. Let t be v(-1). Suppose -2*c + 92 = 4*a - 5*c, 4*a + 3*c - 68 = t. Suppose 3*p - 8*p = -a. What is the units digit of p?
4
Suppose 6*h = 2*h + 4. Suppose m - 2 = h. What is the units digit of m?
3
Let x = 140 + -83. Suppose 0 = -3*k - 3, -l = -4*l + 3*k + 54. Suppose -l = 4*i - x. What is the units digit of i?
0
Suppose 3*i - i - 4 = 0. Suppose -2*l = k - 17, 2*l - 12 = -i*k + 10. What is the units digit of l?
6
Let w(c) = c**2 + c + 8. What is the tens digit of w(-7)?
5
Let r(d) = -3*d**3 + 2*d**2 - 2*d - 2. Let h be r(2). Let s = 10 - h. What is the units digit of s?
2
Suppose 36 + 28 = 4*k. Suppose -4*i - 5*p - 8 = 0, 5*p + 13 + k = 3*i. What is the units digit of i?
3
Let t(z) = z. Let f be t(9). Let y = 17 - f. What is the units digit of y?
8
Suppose 2*i - 9 = -3. Suppose -3 - 9 = -i*n. What is the units digit of (-45)/(-10)*n/3?
6
Let c = 3 - 0. Let z(u) = -3*u. Let n be z(c). Let g = -5 - n. What is the units digit of g?
4
Suppose 107 + 29 = 4*w. Suppose -85 = -5*x + p, -4*p - p + w = 2*x. What is the tens digit of x?
1
Let u = 113 + -43. What is the tens digit of u?
7
Suppose 2*k + 2*k - 12 = 0. Let q(z) = z**3 - 3*z**2 + 4. Let n be q(k). Suppose 16 = n*l - 4. What is the units digit of l?
5
Let j(d) = d**3 - d**2 - d - 5. What is the units digit of j(4)?
9
Let v(c) = -c**3 + 7*c**2 - 5*c - 6. Let f be v(6). Suppose -2*y + q + 28 = -q, f = -5*y - 3*q + 78. What is the units digit of y?
5
Suppose -3*m = 2*t - 15, -4*m + 24 - 73 = -5*t. What is the units digit of t?
9
Suppose 239 - 54 = 5*y. What is the tens digit of y?
3
Suppose -7 - 15 = -2*d. Let p = d - 8. What is the units digit of p?
3
Let s = -122 - -203. What is the units digit of s?
1
Let g be (-3 + 1)*2/4. Let d = 2 + g. What is the units digit of d?
1
Let v be 12/30 - (-174)/(-10). Let f = v - -27. What is the tens digit of f?
1
Suppose 0 = 2*q - 0*k + k + 14, -2*q + 3*k + 2 = 0. Let j = -3 - q. What is the tens digit of j/(-8) - (-106)/8?
1
Let p(u) = -u**3 + 6*u**2 - 7*u + 6. Let b be p(5). Let f(q) = q**2 + 2*q + 3. What is the units digit of f(b)?
1
Let t(l) = -l - 6. Let j be t(0). Let u be j/21 - (-4)/14. Let h = 5 - u. What is the units digit of h?
5
Suppose x - 2*z + 25 = 0, -2*x + 3*z - 34 - 15 = 0. Let f = x - -33. What is the units digit of f?
0
Let j = -97 + 194. What is the units digit of j?
7
Let s(t) = 4*t - 7. Let i(b) = -2*b + 3. Let x(p) = 7*i(p) + 3*s(p). Let c be x(2). Let d = 5 + c. What is the units digit of d?
1
Let u(x) = -11*x**3 + x. What is the tens digit of u(-1)?
1
Let c(i) = -i. Let a be c(-2). What is the units digit of 10/a*8/10?
4
Let p be 19 + 1/(-2)*-2. Suppose -2*a - 9 + 65 = 0. Let o = a - p. What is the units digit of o?
8
Let i = 9 - 9. Suppose i = 2*r - 10, 4*t = -0*r + 4*r + 52. What is the tens digit of t?
1
Let r be 6/21 + (-24)/(-14). Suppose -r*i = 3*z - 14, -5*z = 5*i - 12 - 8. Suppose -z = -4*x + 30. What is the units digit of x?
9
Let t be (-30)/4 - 1/(-2). Let k(h) = h**3 + 8*h**2 + 5*h - 5. Let w be k(t). Suppose -12 - w = -3*x. What is the units digit of x?
7
Let i(p) = -p. Let w(g) = g. Let j(s) = 4*i(s) + 3*w(s). Let r be j(-4). Let y = 10 - r. What is the units digit of y?
6
Let a be 8/(-1 + 3 + -1). Let f be (-141)/(-12) + 2/a. Suppose -2*l = 2*l - f. What is the units digit of l?
3
Suppose -194 = -t - j - 25, -487 = -3*t + j. What is the tens digit of t?
6
Let p(r) = 0*r - 4 - r**2 + 1 + 10*r. Let z be p(9). Suppose 3 = -u + z. What is the units digit of u?
3
Suppose 0 = -7*t - 2*t + 3231. What is the hundreds digit of t?
3
Suppose -m + 88 = 18. Suppose 0 = 5*v + m - 210. What is the tens digit of v?
2
Let b be 2/(-4) - (-9)/(-18). Let d(o) = 46*o**2 - o. Let t be d(b). Suppose -3*y = -y + 8, t = 3*u - 2*y. What is the tens digit of u?
1
Suppose 59 = -5*c - 3*g, -5*c = -4*c + 2*g + 9. Let j = c + 22. What is the units digit of j?
9
Let j be (-1 - -64)/3 + 0. Suppose 0*i = o - 3*i - j, 5*o - 83 = 4*i. What is the units digit of o?
5
Let l(j) = -30*j - 2. What is the tens digit of l(-2)?
5
Let a(m) = -29*m - 1. Let o be a